{"id":4993,"date":"2015-09-28T10:07:22","date_gmt":"2015-09-28T10:07:22","guid":{"rendered":"http:\/\/themes.themegoods.com\/photography\/demo1\/?page_id=4993"},"modified":"2022-02-09T17:55:31","modified_gmt":"2022-02-09T16:55:31","slug":"contact-us-3","status":"publish","type":"page","link":"https:\/\/ronan-alga.fr\/?page_id=4993","title":{"rendered":"Contactez moi"},"content":{"rendered":"<div  class=\"one withsmallpadding ppb_header \" style=\"padding-top:60px !important;text-align:center;padding:50px 0 50px 0;\" >\n<div class=\"standard_wrapper\">\n<div class=\"page_content_wrapper\">\n<div class=\"inner\">\n<div style=\"margin:auto;width:50%\">\n<h2 class=\"ppb_title\" style=\"\">Contactez moi<\/h2>\n<hr class=\"title_break center\" style=\"\"\/>\n<div class=\"ppb_header_content\">\n<p>Pour toute demande de devis ou autre question, merci d&rsquo;utiliser le formulaire ci-dessous.<br \/>\nVous pouvez \u00e9galement me joindre par t\u00e9l\u00e9phone au 06 37 90 15 52<\/p>\n<\/div>\n<\/div>\n<\/div>\n<\/div>\n<\/div>\n<\/div>\n<div class=\"standard_wrapper\">\n<div  class=\"one withsmallpadding\" style=\"padding:0px 0 0px 0;\" >\n<div class=\"page_content_wrapper\">\n<div class=\"inner\">\n<div class=\"inner_wrapper\">\n<div class=\"sidebar_content left_sidebar\">\n<div id=\"reponse_msg_16444257311857238700\" class=\"contact_form_response\">\n<ul><\/ul>\n<\/div>\n<form id=\"contact_form_16444257311857238700\" data-raw-id=\"16444257311857238700\" data-captcha=\"\" class=\"tg_contact_form contact_form_wrapper\" method=\"post\" action=\"\/wp-admin\/admin-ajax.php\"><label for=\"your_name\">Name *<\/label><br \/>\n    \t\t\t\t<input id=\"your_name\" name=\"your_name\" type=\"text\" class=\"required_field\" placeholder=\"Name *\"\/><br \/>\n    \t\t\t\t<label for=\"email\">Email *<\/label><br \/>\n    \t\t\t\t<input id=\"email\" name=\"email\" type=\"text\" class=\"required_field email\" placeholder=\"Email *\"\/><br \/>\n    \t\t\t\t<label for=\"phone\">Phone<\/label><br \/>\n    \t\t\t\t<input id=\"phone\" name=\"phone\" type=\"text\" placeholder=\"Phone\"\/><br \/>\n    \t\t\t\t<label for=\"message\">Message *<\/label><br \/>\n    \t\t\t\t<textarea id=\"message\" name=\"message\" rows=\"7\" cols=\"10\" class=\"required_field\" style=\"width:95.5%;\" placeholder=\"Message *\"><\/textarea><\/p>\n<div class=\"contact_submit_wrapper\">\n    \t<input id=\"contact_submit_btn16444257311857238700\" name=\"contact_submit_btn16444257311857238700\" type=\"submit\" class=\"solidbg\" value=\"Send\"\/>\n    <\/div>\n<\/form>\n<\/div>\n<div class=\"sidebar_wrapper left_sidebar\">\n<div class=\"sidebar\">\n<div class=\"content\">\n<ul class=\"sidebar_widget\"><\/ul>\n<\/div>\n<\/div>\n<\/div>\n<\/div>\n<\/div>\n<\/div>\n<\/div>\n<\/div>\n","protected":false},"excerpt":{"rendered":"","protected":false},"author":1,"featured_media":0,"parent":2434,"menu_order":0,"comment_status":"closed","ping_status":"closed","template":"","meta":{"_monsterinsights_skip_tracking":false,"_monsterinsights_sitenote_active":false,"_monsterinsights_sitenote_note":"","_monsterinsights_sitenote_category":0,"footnotes":""},"class_list":["post-4993","page","type-page","status-publish","hentry"],"aioseo_notices":[],"_links":{"self":[{"href":"https:\/\/ronan-alga.fr\/index.php?rest_route=\/wp\/v2\/pages\/4993","targetHints":{"allow":["GET"]}}],"collection":[{"href":"https:\/\/ronan-alga.fr\/index.php?rest_route=\/wp\/v2\/pages"}],"about":[{"href":"https:\/\/ronan-alga.fr\/index.php?rest_route=\/wp\/v2\/types\/page"}],"author":[{"embeddable":true,"href":"https:\/\/ronan-alga.fr\/index.php?rest_route=\/wp\/v2\/users\/1"}],"replies":[{"embeddable":true,"href":"https:\/\/ronan-alga.fr\/index.php?rest_route=%2Fwp%2Fv2%2Fcomments&post=4993"}],"version-history":[{"count":21,"href":"https:\/\/ronan-alga.fr\/index.php?rest_route=\/wp\/v2\/pages\/4993\/revisions"}],"predecessor-version":[{"id":6140,"href":"https:\/\/ronan-alga.fr\/index.php?rest_route=\/wp\/v2\/pages\/4993\/revisions\/6140"}],"up":[{"embeddable":true,"href":"https:\/\/ronan-alga.fr\/index.php?rest_route=\/wp\/v2\/pages\/2434"}],"wp:attachment":[{"href":"https:\/\/ronan-alga.fr\/index.php?rest_route=%2Fwp%2Fv2%2Fmedia&parent=4993"}],"curies":[{"name":"wp","href":"https:\/\/api.w.org\/{rel}","templated":true}]}}