{"id":3241,"date":"2015-07-03T10:02:11","date_gmt":"2015-07-03T10:02:11","guid":{"rendered":"http:\/\/themes.themegoods.com\/photography\/demo1\/?page_id=3241"},"modified":"2025-02-05T16:26:53","modified_gmt":"2025-02-05T15:26:53","slug":"about-me-2","status":"publish","type":"page","link":"https:\/\/ronan-alga.fr\/?page_id=3241","title":{"rendered":"Qui suis-je ?"},"content":{"rendered":"<div  class=\"one withsmallpadding ppb_header \" style=\"text-align:center;padding:60px 0 60px 0;\" >\n<div class=\"standard_wrapper\">\n<div class=\"page_content_wrapper\">\n<div class=\"inner\">\n<div style=\"margin:auto;width:50%\">\n<h2 class=\"ppb_title\" style=\"\">Qui suis-je ?<\/h2>\n<hr class=\"title_break center\" style=\"\"\/>\n<div class=\"ppb_header_content\">\n<p>Vous voulez en savoir un peu plus sur moi ? <br \/>Vous \u00eates au bon endroit.<\/p>\n<\/div>\n<\/div>\n<\/div>\n<\/div>\n<\/div>\n<\/div>\n<div  class=\"one\" style=\"padding:0px 0 0px 0;\" >\n<div class=\"standard_wrapper\">\n<div class=\"page_content_wrapper\">\n<div class=\"inner\">\n<div class=\"one_half\">\n<div class=\"image_classic_frame expand\">\n<div class=\"image_wrapper\"><img decoding=\"async\" data-src=\"http:\/\/ronan-alga.fr\/wp-content\/uploads\/2022\/02\/Portrait-Sept-2020.jpg\" alt=\"\" class=\"preview lazyload\" src=\"data:image\/gif;base64,R0lGODlhAQABAAAAACH5BAEKAAEALAAAAAABAAEAAAICTAEAOw==\" style=\"--smush-placeholder-width: 530px; --smush-placeholder-aspect-ratio: 530\/663;\" \/><\/div>\n<\/div>\n<\/div>\n<div class=\"one_half last content_middle\">\n<div class=\"ppb_subtitle\" style=\"\">Photographe<\/div>\n<h2 class=\"ppb_title\" style=\"\">Ronan Algalarrondo<\/h2>\n<hr class=\"title_break left\">\n<div class=\"ppb_header_content\">\n<p>La photo, je suis tomb\u00e9 dedans quand j\u2019\u00e9tais petit, <br \/>et je n\u2019ai toujours pas perdu l&rsquo;app\u00e9tit.<\/p>\n<\/div>\n<div style=\"margin-top:20px\">\n<p>Ce qui me fait vibrer c\u2019est de capter l\u2019instant, de pouvoir faire revivre la spontan\u00e9it\u00e9 d\u2019un moment au travers d\u2019une image, de raconter une histoire.<\/p>\n<p>Insatiable dans l\u2019accomplissement cr\u00e9atif et soucieux du moindre d\u00e9tail, au-del\u00e0 d\u2019un m\u00e9tier, c\u2019est simplement une vocation.<\/p>\n<p>\u201cimage, ma seule, mon unique passion \u00a0\u00bb<\/p>\n<p>Charles Baudelaire<\/p>\n<p>\u201cIls sont fous ces Ronan\u201d<\/p>\n<p>Ob\u00e9lix<\/p>\n<\/p>\n<p>\u00a0<\/p>\n<p><img decoding=\"async\" data-src=\"http:\/\/ronan-alga.fr\/wp-content\/uploads\/2022\/02\/Signature-transparent_SD.png\" alt=\"\" width=\"50\" height=\"86\" class=\"alignnone size-full wp-image-5772 lazyload\" src=\"data:image\/gif;base64,R0lGODlhAQABAAAAACH5BAEKAAEALAAAAAABAAEAAAICTAEAOw==\" style=\"--smush-placeholder-width: 50px; --smush-placeholder-aspect-ratio: 50\/86;\" \/>\n<\/p>\n<\/div>\n<\/div>\n<p><br class=\"clear\"\/><\/div>\n<\/div>\n<\/div>\n<\/div>\n<div  class=\"one ppb_fullwidth_button\" >\n<div class=\"standard_wrapper\">\n<h2 class=\"title\" style=\"color:;\">Pour un aper\u00e7u de mon travail personnel, voici mon instagram :<\/h2>\n<p><a href=\"https:\/\/www.instagram.com\/ronan_algalarrondo\/\" class=\"button\" >Instagram<\/a><\/div>\n<\/div>\n<div  class=\"one ppb_fullwidth_button\" >\n<div class=\"standard_wrapper\">\n<h2 class=\"title\" style=\"color:;\">Title<\/h2>\n<p><a href=\"\" class=\"button\" >Test<\/a><\/div>\n<\/div>\n","protected":false},"excerpt":{"rendered":"","protected":false},"author":1,"featured_media":1711,"parent":2434,"menu_order":0,"comment_status":"open","ping_status":"open","template":"","meta":{"_monsterinsights_skip_tracking":false,"_monsterinsights_sitenote_active":false,"_monsterinsights_sitenote_note":"","_monsterinsights_sitenote_category":0,"footnotes":""},"class_list":["post-3241","page","type-page","status-publish","has-post-thumbnail","hentry"],"aioseo_notices":[],"_links":{"self":[{"href":"https:\/\/ronan-alga.fr\/index.php?rest_route=\/wp\/v2\/pages\/3241","targetHints":{"allow":["GET"]}}],"collection":[{"href":"https:\/\/ronan-alga.fr\/index.php?rest_route=\/wp\/v2\/pages"}],"about":[{"href":"https:\/\/ronan-alga.fr\/index.php?rest_route=\/wp\/v2\/types\/page"}],"author":[{"embeddable":true,"href":"https:\/\/ronan-alga.fr\/index.php?rest_route=\/wp\/v2\/users\/1"}],"replies":[{"embeddable":true,"href":"https:\/\/ronan-alga.fr\/index.php?rest_route=%2Fwp%2Fv2%2Fcomments&post=3241"}],"version-history":[{"count":18,"href":"https:\/\/ronan-alga.fr\/index.php?rest_route=\/wp\/v2\/pages\/3241\/revisions"}],"predecessor-version":[{"id":6318,"href":"https:\/\/ronan-alga.fr\/index.php?rest_route=\/wp\/v2\/pages\/3241\/revisions\/6318"}],"up":[{"embeddable":true,"href":"https:\/\/ronan-alga.fr\/index.php?rest_route=\/wp\/v2\/pages\/2434"}],"wp:featuredmedia":[{"embeddable":true,"href":"https:\/\/ronan-alga.fr\/index.php?rest_route=\/"}],"wp:attachment":[{"href":"https:\/\/ronan-alga.fr\/index.php?rest_route=%2Fwp%2Fv2%2Fmedia&parent=3241"}],"curies":[{"name":"wp","href":"https:\/\/api.w.org\/{rel}","templated":true}]}}